) to base 5.
20
10 (base 10) to base 11
a
3 (base 11) to base 15
3
Convert -1 (base 11) to base 15.
-1
-1202 (base 3) to base 4
-233
Convert 36 (base 13) to base 8.
55
76 (base 14) to base 15
6e
Convert -5a (base 12) to base 11.
-64
1110010 (base 2) to base 10
114
Convert -7 (base 14) to base 2.
-111
Convert 57 (base 10) to base 3.
2010
What is 3 (base 15) in base 6?
3
What is -29 (base 15) in base 16?
-27
What is -13 (base 7) in base 12?
-a
2a (base 16) to base 9
46
-2 (base 12) to base 6
-2
Convert -9 (base 10) to base 4.
-21
-173 (base 8) to base 4
-1323
39 (base 14) to base 10
51
-e (base 16) to base 9
-15
Convert 4 (base 16) to base 15.
4
Convert 11 (base 9) to base 6.
14
-11 (base 4) to base 5
-10
Convert -11 (base 2) to base 15.
-3
Convert -29 (base 12) to base 5.
-113
-3 (base 14) to base 16
-3
What is 331 (base 5) in base 16?
5b
-1 (base 10) to base 14
-1
-3 (base 6) to base 14
-3
What is 5 (base 12) in base 6?
5
What is -110 (base 2) in base 11?
-6
What is 85 (base 9) in base 16?
4d
Convert b8 (base 14) to base 5.
1122
What is -10 (base 6) in base 14?
-6
Convert -424 (base 6) to base 7.
-316
Convert -24 (base 14) to base 16.
-20
What is 8 (base 11) in base 3?
22
3 (base 4) to base 10
3
Convert 10 (base 7) to base 3.
21
-10 (base 2) to base 7
-2
6 (base 10) to base 7
6
What is -131 (base 6) in base 8?
-67
-40 (base 6) to base 15
-19
1332 (base 6) to base 5
2334
What is -101 (base 2) in base 9?
-5
-3 (base 14) to base 15
-3
2121 (base 3) to base 7
130
Convert -2c (base 16) to base 15.
-2e
Convert -2 (base 6) to base 5.
-2
Convert 1 (base 6) to base 13.
1
-6 (base 14) to base 3
-20
Convert 20 (base 13) to base 7.
35
Convert -41 (base 16) to base 10.
-65
What is 133 (base 12) in base 3?
20210
-2 (base 3) to base 13
-2
-2 (base 14) to base 10
-2
13 (base 16) to base 3
201
Convert -b (base 13) to base 10.
-11
10 (base 16) to base 13
13
177 (base 10) to base 11
151
Convert -113 (base 7) to base 16.
-3b
Convert -1 (base 2) to base 14.
-1
Convert -130 (base 6) to base 16.
-36
What is -331 (base 4) in base 7?
-115
Convert 0 (base 2) to base 6.
0
12220 (base 3) to base 8
237
120 (base 10) to base 13
93
12 (base 10) to base 9
13
Convert -20 (base 3) to base 7.
-6
3 (base 13) to base 8
3
What is -1100111 (base 2) in base 13?
-7c
Convert -3 (base 16) to base 14.
-3
Convert -5b (base 14) to base 15.
-56
Convert 13 (base 12) to base 6.
23
-6 (base 11) to base 4
-12
What is -15 (base 16) in base 12?
-19
-110 (base 2) to base 11
-6
What is 144 (base 5) in base 2?
110001
-1022 (base 3) to base 13
-29
Convert 4 (base 7) to base 8.
4
0 (base 7) to base 12
0
1201 (base 4) to base 10
97
What is -7 (base 8) in base 3?
-21
Convert -14 (base 7) to base 15.
-b
What is 7 (base 11) in base 4?
13
What is -1a (base 16) in base 11?
-24
Convert -c6 (base 14) to base 12.
-126
Convert 250 (base 10) to base 14.
13c
-120 (base 4) to base 14
-1a
93 (base 16) to base 2
10010011
What is 10 (base 16) in base 6?
24
What is -28 (base 10) in base 16?
-1c
Convert a (base 13) to base 4.
22
What is 1 (base 3) in base 14?
1
What is 48 (base 11) in base 5?
202
-16 (base 8) to base 6
-22
Convert 45 (base 7) to base 16.
21
What is 106 (base 8) in base 13?
55
What is dc (base 15) in base 4?
3033
Convert 3a (base 13) to base 4.
301
What is -1 (base 15) in base 14?
-1
What is -11101111 (base 2) in base 8?
-357
-111 (base 13) to base 15
-c3
Convert -82 (base 14) to base 12.
-96
134 (base 13) to base 2
11010100
Convert 4 (base 14) to base 3.
11
Convert -1 (base 16) to base 7.
-1
What is 0 (base 7) in base 15?
0
What is -1123 (base 4) in base 14?
-67
-10100011 (base 2) to base 16
-a3
What is 37 (base 8) in base 11?
29
What is -22 (base 16) in base 3?
-1021
What is -217 (base 8) in base 3?
-12022
What is -63 (base 8) in base 14?
-39
-543 (base 6) to base 13
-12c
What is 1 (base 12) in base 7?
1
What is -1 (base 15) in base 6?
-1
21 (base 5) to base 11
10
68 (base 13) to base 4
1112
What is 101 (base 2) in base 4?
11
Convert 4 (base 10) to base 3.
11
Convert 40 (base 14) to base 12.
48
What is 1 (base 12) in base 15?
1
What is 1 (base 9) in base 11?
1
Convert -2f (base 16) to base 6.
-115
Convert 11 (base 13) to base 15.
e
Convert -11b (base 16) to base 6.
-1151
Convert -143 (base 10) to base 8.
-217
-1 (base 10) to base 6
-1
What is 5 (base 9) in base 5?
10
What is 16 (base 15) in base 13?
18
Convert 28 (base 13) to base 4.
202
What is 10010 (base 3) in base 2?
1010100
13 (base 8) to base 16
b
Convert -1 (base 12) to base 16.
-1
Convert -20 (base 5) to base 10.
-10
Convert -9 (base 11) to base 8.
-11
8 (base 10) to base 4
20
-4 (base 13) to base 16
-4
Convert -5 (base 10) to base 16.
-5
Convert -1 (base 16) to base 5.
-1
What is 19 (base 13) in base 16?
16
Convert 3 (base 13) to base 3.
10
Convert -1334 (base 5) to base 12.
-163
Convert 2 (base 11) to base 15.
2
a (base 14) to base 9
11
2 (base 3) to base 7
2
What is -5d (base 15) in base 14?
-64
What is 53 (base 15) in base 9?
86
What is 1101100 (base 2) in base 12?
90
What is -53 (base 9) in base 7?
-66
Convert 5 (base 10) to base 8.
5
Convert 13 (base 11) to base 15.
e
17 (base 11) to base 12
16
114 (base 9) to base 11
86
37 (base 13) to base 15
31
-12 (base 13) to base 15
-10
What is -1 (base 3) in base 5?
-1
What is -c (base 14) in base 7?
-15
Convert 14 (base 7) to base 6.
15
What is 0 (base 16) in base 2?
0
What is 143 (base 7) in base 3?
2222
-1011000 (base 2) to base 14
-64
5 (base 12) to base 11
5
What is 3 (base 12) in base 16?
3
10 (base 11) to base 16
b
-1 (base 14) to base 13
-1
What is -1c (base 15) in base 7?
-36
What is -1045 (base 6) in base 13?
-15b
What is -10 (base 3) in base 15?
-3
Convert 10011 (base 2) to base 4.
103
What is -a (base 12) in base 4?
-22
What is -1 (base 2) in base 8?
-1
What is -1 (base 14) in base 10?
-1
What is -3 (base 5) in base 14?
-3
Convert 8 (base 11) to base 14.
8
Convert -10100101 (base 2) to base 13.
-c9
0 (base 5) to base 4
0
What is -30 (base 9) in base 12?
-23
-3 (base 12) to base 3
-10
Convert -1c (base 16) to base 7.
-40
Convert -47 (base 16) to base 11.
-65
Convert -2232 (base 4) to base 8.
-256
What is -361 (base 10) in base 2?
-101101001
What is -32 (base 8) in base 3?
-222
-10 (base 3) to base 16
-3
Convert -300 (base 4) to base 10.
-48
Convert -2 (base 9) to base 4.
-2
What is 2 (base 11) in base 16?
2
Convert -22 (base 8) to base 9.
-20
Convert 4 (base 5) to base 3.
11
-10 (base 13) to base 4
-31
Convert 1 (base 12) to base 16.
1
-7 (base 14) to base 13
-7
What is 1 (base 4) in base 8?
1
-111 (base 2) to base 9
-7
What is -20 (base 4) in base 9?
-8
Convert 32 (base 8) to base 6.
42
-203 (base 4) to base 10
-35
What is -15 (base 6) in base 16?
-b
What is a (base 13) in base 7?
13
2 (base 10) to base 9
2
15 (base 8) to base 12
11
What is 0 (base 7) in base 8?
0
Convert 11100 (base 2) to base 15.
1d
What is 100 (base 3) in base 9?
10
Convert -202 (base 3) to base 7.
-26
26 (base 15) to base 12
30
-1 (base 16) to base 13
-1
Convert 12 (base 6) to base 11.
8
-1 (base 6) to base 8
-1
What is -1001 (base 3) in base 8?
-34
Convert 1101 (base 2) to base 3.
111
What is -1 (base 8) in base 11?
-1
Convert -111 (base 5) to base 6.
-51
Convert 276 (base 8) to base 16.
be
-18 (base 10) to base 5
-33
What is 4 (base 10) in base 14?
4
-5 (base 14) to base 6
-5
Convert 1 (base 16) to base 4.
1
What is 41 (base 8) in base 14?
25
What is -3 (base 10) in base 4?
-3
What is 10 (base 4) in base 10?
4
What is -1 (base 9) in base 12?
-1
0 (base 4) to base 13
0
115 (base 7) to base 10
61
Convert 103 (base 7) to base 6.
124
11 (base 5) to base 16
6
Convert 5 (base 13) to base 2.
101
What is -3 (base 12) in base 14?
-3
Convert 1334 (base 5) to base 9.
263
What is -11 (base 2) in base 16?
-3
-2a (base 11) to base 2
-100000
What is -11 (base 3) in base 16?
-4
What is -104 (base 7) in base 6?
-125
Convert 1 (base 15) to base 7.
1
What is 7 (base 11) in base 12?
7
Convert a (base 11) to base 12.
a
What is -1001000 (base 2) in base 16?
-48
Convert 102 (base 3) to base 16.
b
What is 3 (base 12) in base 2?
11
-1 (base 15) to base 9
-1
What is -b (base 12) in base 10?
-11
110 (base 3) to base 8
14
5 (base 8) to base 16
5
Convert 2a (base 16) to base 5.
132
-20 (base 7) to base 10
-14
What is 1a (base 15) in ba